{"id":1175,"date":"2025-12-08T10:28:46","date_gmt":"2025-12-08T10:28:46","guid":{"rendered":"https:\/\/www.homscent.fr\/?page_id=1175"},"modified":"2025-12-08T10:43:28","modified_gmt":"2025-12-08T10:43:28","slug":"mentions-legales-2","status":"publish","type":"page","link":"https:\/\/www.homscent.fr\/index.php\/mentions-legales-2\/","title":{"rendered":"MENTIONS L\u00c9GALES"},"content":{"rendered":"\t\t<div data-elementor-type=\"wp-page\" data-elementor-id=\"1175\" class=\"elementor elementor-1175\">\n\t\t\t\t\t\t<section class=\"elementor-section elementor-top-section elementor-element elementor-element-f92b265 elementor-section-boxed elementor-section-height-default elementor-section-height-default wpr-particle-no wpr-jarallax-no wpr-parallax-no wpr-sticky-section-no\" data-id=\"f92b265\" data-element_type=\"section\" data-e-type=\"section\">\n\t\t\t\t\t\t<div class=\"elementor-container elementor-column-gap-default\">\n\t\t\t\t\t<div class=\"elementor-column elementor-col-100 elementor-top-column elementor-element elementor-element-c17cf3c\" data-id=\"c17cf3c\" data-element_type=\"column\" data-e-type=\"column\">\n\t\t\t<div class=\"elementor-widget-wrap elementor-element-populated\">\n\t\t\t\t\t\t<div class=\"elementor-element elementor-element-1cc2b7f elementor-widget elementor-widget-heading\" data-id=\"1cc2b7f\" data-element_type=\"widget\" data-e-type=\"widget\" data-widget_type=\"heading.default\">\n\t\t\t\t\t<h2 class=\"elementor-heading-title elementor-size-default\">MENTIONS L\u00c9GALES<\/h2>\t\t\t\t<\/div>\n\t\t\t\t\t<\/div>\n\t\t<\/div>\n\t\t\t\t\t<\/div>\n\t\t<\/section>\n\t\t<div class=\"elementor-element elementor-element-502bf4c e-con-full e-flex wpr-particle-no wpr-jarallax-no wpr-parallax-no wpr-sticky-section-no e-con e-parent\" data-id=\"502bf4c\" data-element_type=\"container\" data-e-type=\"container\" data-settings=\"{&quot;background_background&quot;:&quot;classic&quot;}\">\n\t\t\t\t<div class=\"elementor-element elementor-element-6c08ed3 elementor-widget elementor-widget-deensimc-smooth-marquee\" data-id=\"6c08ed3\" data-element_type=\"widget\" data-e-type=\"widget\" data-widget_type=\"deensimc-smooth-marquee.default\">\n\t\t\t\t<div class=\"elementor-widget-container\">\n\t\t\t\t\t\t\t\t<div class=\"deensimc-marquee-main-container deensimc-image-marquee deensimc-marquee-pause-on-hover\" data-marquee-speed=\"10\" data-track-fill=\"yes\" data-track-item-selector=\"*\" data-track-target-horizontal=\"2560\">\n\t\t\t\t<div class=\"deensimc-marquee-track-wrapper\">\n\t\t\t\t\t<div class=\"deensimc-marquee-track\">\n\t\t\t\t\t\t<figure class=\"deensimc-img-wrapper\"><div class=\"deensimc-img\"><img decoding=\"async\" class=\"deensimc-marquee-image\" src=\"https:\/\/www.homscent.fr\/wp-content\/uploads\/2025\/11\/Group-2085662966.png\" loading=lazy alt=\"Image gallery marquee\"><\/div><figcaption class=\"deensimc-image-marquee-caption\"><\/figcaption><\/figure>\t\t\t\t\t<\/div>\n\t\t\t\t\t<div aria-hidden=\"true\" class=\"deensimc-marquee-track\">\n\t\t\t\t\t\t<figure class=\"deensimc-img-wrapper\"><div class=\"deensimc-img\"><img decoding=\"async\" class=\"deensimc-marquee-image\" src=\"https:\/\/www.homscent.fr\/wp-content\/uploads\/2025\/11\/Group-2085662966.png\" loading=lazy alt=\"Image gallery marquee\"><\/div><figcaption class=\"deensimc-image-marquee-caption\"><\/figcaption><\/figure>\t\t\t\t\t<\/div>\n\t\t\t\t<\/div>\n\t\t\t<\/div>\n\t\t\t\t\t<\/div>\n\t\t\t\t<\/div>\n\t\t\t\t<noscript>\n\t\t\t<div class=\"deensimc-noscript-notice\" role=\"note\">\n\t\t\t\tThis section requires JavaScript to load properly. Please enable JavaScript in your browser and reload the page.\t\t\t<\/div>\n\t\t<\/noscript>\n\t\t<\/div>\n\t\t\t\t<section class=\"elementor-section elementor-top-section elementor-element elementor-element-ccf9d3f elementor-section-boxed elementor-section-height-default elementor-section-height-default wpr-particle-no wpr-jarallax-no wpr-parallax-no wpr-sticky-section-no\" data-id=\"ccf9d3f\" data-element_type=\"section\" data-e-type=\"section\">\n\t\t\t\t\t\t<div class=\"elementor-container elementor-column-gap-default\">\n\t\t\t\t\t<div class=\"elementor-column elementor-col-100 elementor-top-column elementor-element elementor-element-fca3f2d\" data-id=\"fca3f2d\" data-element_type=\"column\" data-e-type=\"column\">\n\t\t\t<div class=\"elementor-widget-wrap elementor-element-populated\">\n\t\t\t\t\t\t<div class=\"elementor-element elementor-element-cdbbab2 elementor-widget elementor-widget-text-editor\" data-id=\"cdbbab2\" data-element_type=\"widget\" data-e-type=\"widget\" data-widget_type=\"text-editor.default\">\n\t\t\t\t\t\t\t\t\t<p>MENTIONS L\u00c9GALES \u2013\u00a0<a href=\"http:\/\/homscent.fr\/\" target=\"_blank\" rel=\"noopener noreferrer\" data-saferedirecturl=\"https:\/\/www.google.com\/url?q=http:\/\/homscent.fr&amp;source=gmail&amp;ust=1765222743872000&amp;usg=AOvVaw3QtwT1_OEaGpZrqzA1hXvv\">homscent.fr<\/a><br \/><br \/>1. \u00c9diteur du site<br \/>Site :\u00a0<a href=\"http:\/\/homscent.fr\/\" target=\"_blank\" rel=\"noopener noreferrer\" data-saferedirecturl=\"https:\/\/www.google.com\/url?q=http:\/\/homscent.fr&amp;source=gmail&amp;ust=1765222743872000&amp;usg=AOvVaw3QtwT1_OEaGpZrqzA1hXvv\">homscent.fr<\/a><br \/>Entreprise : HOMSCENT<br \/>Forme : SAS<br \/>Adresse : 66 Avenue des Champs-\u00c9lys\u00e9es, 75008 Paris, France<br \/>Email :\u00a0<a href=\"mailto:contact@homscent.fr\" target=\"_blank\" rel=\"noopener\">contact@homscent.fr<\/a><br \/>Directeur de la publication : HOMSCENT<br \/>T\u00e9l\u00e9phone : +33 6 69 17 96 75<br \/>Num\u00e9ro SIRET \/ RCS : 94463529100015<br \/><br \/>2. H\u00e9bergeur du site<br \/>OVH SAS<br \/>2 rue Kellermann \u2013 59100 Roubaix \u2013 France<br \/>Site :\u00a0<a href=\"http:\/\/www.ovh.com\/\" target=\"_blank\" rel=\"noopener noreferrer\" data-saferedirecturl=\"https:\/\/www.google.com\/url?q=http:\/\/www.ovh.com&amp;source=gmail&amp;ust=1765222743872000&amp;usg=AOvVaw3lxlw8LSBGu11Zzuel5HgR\">www.ovh.com<\/a><br \/>T\u00e9l\u00e9phone : 09 72 10 10 07<br \/><br \/>3. Propri\u00e9t\u00e9 intellectuelle<br \/>Le site\u00a0<a href=\"http:\/\/homscent.fr\/\" target=\"_blank\" rel=\"noopener noreferrer\" data-saferedirecturl=\"https:\/\/www.google.com\/url?q=http:\/\/homscent.fr&amp;source=gmail&amp;ust=1765222743872000&amp;usg=AOvVaw3QtwT1_OEaGpZrqzA1hXvv\">homscent.fr<\/a>\u00a0ainsi que l\u2019ensemble de ses contenus (textes, images, visuels, logos, vid\u00e9os, structure, design) sont la propri\u00e9t\u00e9 exclusive de la soci\u00e9t\u00e9 HOMSCENT, sauf mentions contraires.<br \/>Toute reproduction, repr\u00e9sentation, modification ou diffusion non autoris\u00e9e est strictement interdite.<br \/><br \/>4. Activit\u00e9 du site<br \/>Le site\u00a0<a href=\"http:\/\/homscent.fr\/\" target=\"_blank\" rel=\"noopener noreferrer\" data-saferedirecturl=\"https:\/\/www.google.com\/url?q=http:\/\/homscent.fr&amp;source=gmail&amp;ust=1765222743872000&amp;usg=AOvVaw3QtwT1_OEaGpZrqzA1hXvv\">homscent.fr<\/a>\u00a0s\u2019adresse exclusivement \u00e0 un public professionnel (B to B).<br \/>Il ne permet aucun achat en ligne : seules des demandes professionnelles, informations ou prises de contact sont possibles.<br \/><br \/>5. Responsabilit\u00e9<br \/>HOMSCENT ne peut \u00eatre tenue responsable en cas :<br \/>\u2022 d\u2019interruption du site,<br \/>\u2022 d\u2019erreurs ou omissions dans les contenus,<br \/>\u2022 de dommages li\u00e9s \u00e0 une mauvaise utilisation du site,<br \/>\u2022 ou de liens externes pr\u00e9sents sur le site.<br \/><br \/><br \/>6. Loi applicable<br \/>Les pr\u00e9sentes mentions l\u00e9gales sont soumises au droit fran\u00e7ais.<\/p>\t\t\t\t\t\t\t\t<\/div>\n\t\t\t\t\t<\/div>\n\t\t<\/div>\n\t\t\t\t\t<\/div>\n\t\t<\/section>\n\t\t\t\t<\/div>\n\t\t","protected":false},"excerpt":{"rendered":"<p>MENTIONS L\u00c9GALES MENTIONS L\u00c9GALES \u2013\u00a0homscent.fr 1. \u00c9diteur du siteSite :\u00a0homscent.frEntreprise : HOMSCENTForme : SASAdresse : 66 Avenue des Champs-\u00c9lys\u00e9es, 75008 Paris, FranceEmail :\u00a0contact@homscent.frDirecteur de la publication : HOMSCENTT\u00e9l\u00e9phone : +33 6 69 17 96 75Num\u00e9ro SIRET \/ RCS : 94463529100015 2. H\u00e9bergeur du siteOVH SAS2 rue Kellermann \u2013 59100 Roubaix \u2013 FranceSite :\u00a0www.ovh.comT\u00e9l\u00e9phone : 09 72 10 10 07 3. Propri\u00e9t\u00e9 intellectuelleLe site\u00a0homscent.fr\u00a0ainsi que l\u2019ensemble de ses contenus (textes, images, visuels, logos, vid\u00e9os, structure, design) sont la propri\u00e9t\u00e9 exclusive de la soci\u00e9t\u00e9 HOMSCENT, sauf mentions contraires.Toute reproduction, repr\u00e9sentation, modification ou diffusion non autoris\u00e9e est strictement interdite. 4. Activit\u00e9 du siteLe site\u00a0homscent.fr\u00a0s\u2019adresse exclusivement \u00e0 un public professionnel (B to B).Il ne permet aucun achat en ligne : seules des demandes professionnelles, informations ou prises de contact sont possibles. 5. Responsabilit\u00e9HOMSCENT ne peut \u00eatre tenue responsable en cas :\u2022 d\u2019interruption du site,\u2022 d\u2019erreurs ou omissions dans les contenus,\u2022 de dommages li\u00e9s \u00e0 une mauvaise utilisation du site,\u2022 ou de liens externes pr\u00e9sents sur le site. 6. Loi applicableLes pr\u00e9sentes mentions l\u00e9gales sont soumises au droit fran\u00e7ais.<\/p>\n","protected":false},"author":2,"featured_media":0,"parent":0,"menu_order":0,"comment_status":"closed","ping_status":"closed","template":"elementor_canvas","meta":{"site-sidebar-layout":"no-sidebar","site-content-layout":"","ast-site-content-layout":"full-width-container","site-content-style":"default","site-sidebar-style":"default","ast-global-header-display":"","ast-banner-title-visibility":"","ast-main-header-display":"","ast-hfb-above-header-display":"","ast-hfb-below-header-display":"","ast-hfb-mobile-header-display":"","site-post-title":"","ast-breadcrumbs-content":"","ast-featured-img":"disabled","footer-sml-layout":"","theme-transparent-header-meta":"","adv-header-id-meta":"","stick-header-meta":"","header-above-stick-meta":"","header-main-stick-meta":"","header-below-stick-meta":"","astra-migrate-meta-layouts":"default","ast-page-background-enabled":"default","ast-page-background-meta":{"desktop":{"background-color":"var(--ast-global-color-5)","background-image":"","background-repeat":"repeat","background-position":"center center","background-size":"auto","background-attachment":"scroll","background-type":"","background-media":"","overlay-type":"","overlay-color":"","overlay-opacity":"","overlay-gradient":""},"tablet":{"background-color":"","background-image":"","background-repeat":"repeat","background-position":"center center","background-size":"auto","background-attachment":"scroll","background-type":"","background-media":"","overlay-type":"","overlay-color":"","overlay-opacity":"","overlay-gradient":""},"mobile":{"background-color":"","background-image":"","background-repeat":"repeat","background-position":"center center","background-size":"auto","background-attachment":"scroll","background-type":"","background-media":"","overlay-type":"","overlay-color":"","overlay-opacity":"","overlay-gradient":""}},"ast-content-background-meta":{"desktop":{"background-color":"var(--ast-global-color-4)","background-image":"","background-repeat":"repeat","background-position":"center center","background-size":"auto","background-attachment":"scroll","background-type":"","background-media":"","overlay-type":"","overlay-color":"","overlay-opacity":"","overlay-gradient":""},"tablet":{"background-color":"var(--ast-global-color-4)","background-image":"","background-repeat":"repeat","background-position":"center center","background-size":"auto","background-attachment":"scroll","background-type":"","background-media":"","overlay-type":"","overlay-color":"","overlay-opacity":"","overlay-gradient":""},"mobile":{"background-color":"var(--ast-global-color-4)","background-image":"","background-repeat":"repeat","background-position":"center center","background-size":"auto","background-attachment":"scroll","background-type":"","background-media":"","overlay-type":"","overlay-color":"","overlay-opacity":"","overlay-gradient":""}},"footnotes":""},"class_list":["post-1175","page","type-page","status-publish","hentry"],"_links":{"self":[{"href":"https:\/\/www.homscent.fr\/index.php\/wp-json\/wp\/v2\/pages\/1175","targetHints":{"allow":["GET"]}}],"collection":[{"href":"https:\/\/www.homscent.fr\/index.php\/wp-json\/wp\/v2\/pages"}],"about":[{"href":"https:\/\/www.homscent.fr\/index.php\/wp-json\/wp\/v2\/types\/page"}],"author":[{"embeddable":true,"href":"https:\/\/www.homscent.fr\/index.php\/wp-json\/wp\/v2\/users\/2"}],"replies":[{"embeddable":true,"href":"https:\/\/www.homscent.fr\/index.php\/wp-json\/wp\/v2\/comments?post=1175"}],"version-history":[{"count":14,"href":"https:\/\/www.homscent.fr\/index.php\/wp-json\/wp\/v2\/pages\/1175\/revisions"}],"predecessor-version":[{"id":1202,"href":"https:\/\/www.homscent.fr\/index.php\/wp-json\/wp\/v2\/pages\/1175\/revisions\/1202"}],"wp:attachment":[{"href":"https:\/\/www.homscent.fr\/index.php\/wp-json\/wp\/v2\/media?parent=1175"}],"curies":[{"name":"wp","href":"https:\/\/api.w.org\/{rel}","templated":true}]}}